{"id":489,"date":"2023-10-16T15:09:29","date_gmt":"2023-10-16T18:09:29","guid":{"rendered":"https:\/\/frizzopagnossin.adv.br\/?page_id=489"},"modified":"2023-10-16T15:13:42","modified_gmt":"2023-10-16T18:13:42","slug":"direito-administrativo","status":"publish","type":"page","link":"https:\/\/frizzopagnossin.adv.br\/index.php\/direito-administrativo\/","title":{"rendered":"Direito administrativo"},"content":{"rendered":"\t\t<div data-elementor-type=\"wp-page\" data-elementor-id=\"489\" class=\"elementor elementor-489\" data-elementor-post-type=\"page\">\n\t\t\t\t\t\t\t\t\t<section class=\"elementor-section elementor-top-section elementor-element elementor-element-e156b1e elementor-section-boxed elementor-section-height-default elementor-section-height-default\" data-id=\"e156b1e\" data-element_type=\"section\" data-settings=\"{&quot;background_background&quot;:&quot;classic&quot;}\">\n\t\t\t\t\t\t\t<div class=\"elementor-background-overlay\"><\/div>\n\t\t\t\t\t\t\t<div class=\"elementor-container elementor-column-gap-default\">\n\t\t\t\t\t<div class=\"elementor-column elementor-col-100 elementor-top-column elementor-element elementor-element-4700381\" data-id=\"4700381\" data-element_type=\"column\">\n\t\t\t<div class=\"elementor-widget-wrap elementor-element-populated\">\n\t\t\t\t\t\t\t\t<div class=\"elementor-element elementor-element-11cef76 elementor-widget elementor-widget-heading\" data-id=\"11cef76\" data-element_type=\"widget\" data-widget_type=\"heading.default\">\n\t\t\t\t<div class=\"elementor-widget-container\">\n\t\t\t<style>\/*! elementor - v3.16.0 - 20-09-2023 *\/\n.elementor-heading-title{padding:0;margin:0;line-height:1}.elementor-widget-heading .elementor-heading-title[class*=elementor-size-]>a{color:inherit;font-size:inherit;line-height:inherit}.elementor-widget-heading .elementor-heading-title.elementor-size-small{font-size:15px}.elementor-widget-heading .elementor-heading-title.elementor-size-medium{font-size:19px}.elementor-widget-heading .elementor-heading-title.elementor-size-large{font-size:29px}.elementor-widget-heading .elementor-heading-title.elementor-size-xl{font-size:39px}.elementor-widget-heading .elementor-heading-title.elementor-size-xxl{font-size:59px}<\/style><h2 class=\"elementor-heading-title elementor-size-default\">Direito administrativo<\/h2>\t\t<\/div>\n\t\t\t\t<\/div>\n\t\t\t\t<div class=\"elementor-element elementor-element-f54e794 elementor-icon-list--layout-inline elementor-align-center elementor-list-item-link-full_width elementor-widget elementor-widget-icon-list\" data-id=\"f54e794\" data-element_type=\"widget\" data-widget_type=\"icon-list.default\">\n\t\t\t\t<div class=\"elementor-widget-container\">\n\t\t\t<link rel=\"stylesheet\" href=\"https:\/\/frizzopagnossin.adv.br\/wp-content\/plugins\/elementor\/assets\/css\/widget-icon-list.min.css\">\t\t<ul class=\"elementor-icon-list-items elementor-inline-items\">\n\t\t\t\t\t\t\t<li class=\"elementor-icon-list-item elementor-inline-item\">\n\t\t\t\t\t\t\t\t\t\t<span class=\"elementor-icon-list-text\">In\u00edcio<\/span>\n\t\t\t\t\t\t\t\t\t<\/li>\n\t\t\t\t\t\t\t\t<li class=\"elementor-icon-list-item elementor-inline-item\">\n\t\t\t\t\t\t\t\t\t\t\t<span class=\"elementor-icon-list-icon\">\n\t\t\t\t\t\t\t<i aria-hidden=\"true\" class=\"fas fa-chevron-right\"><\/i>\t\t\t\t\t\t<\/span>\n\t\t\t\t\t\t\t\t\t\t<span class=\"elementor-icon-list-text\">Direito administrativo<\/span>\n\t\t\t\t\t\t\t\t\t<\/li>\n\t\t\t\t\t\t<\/ul>\n\t\t\t\t<\/div>\n\t\t\t\t<\/div>\n\t\t\t\t\t<\/div>\n\t\t<\/div>\n\t\t\t\t\t\t\t<\/div>\n\t\t<\/section>\n\t\t\t\t<section class=\"elementor-section elementor-top-section elementor-element elementor-element-9d14656 elementor-section-content-middle elementor-section-boxed elementor-section-height-default elementor-section-height-default\" data-id=\"9d14656\" data-element_type=\"section\">\n\t\t\t\t\t\t<div class=\"elementor-container elementor-column-gap-default\">\n\t\t\t\t\t<div class=\"elementor-column elementor-col-100 elementor-top-column elementor-element elementor-element-a601899\" data-id=\"a601899\" data-element_type=\"column\">\n\t\t\t<div class=\"elementor-widget-wrap elementor-element-populated\">\n\t\t\t\t\t\t\t\t<div class=\"elementor-element elementor-element-83cd782 elementor-widget elementor-widget-heading\" data-id=\"83cd782\" data-element_type=\"widget\" data-widget_type=\"heading.default\">\n\t\t\t\t<div class=\"elementor-widget-container\">\n\t\t\t<h2 class=\"elementor-heading-title elementor-size-default\">Por Que Escolher Nossos Servi\u00e7os de Direito Administrativo?<\/h2>\t\t<\/div>\n\t\t\t\t<\/div>\n\t\t\t\t<div class=\"elementor-element elementor-element-12690c6 elementor-widget elementor-widget-text-editor\" data-id=\"12690c6\" data-element_type=\"widget\" data-widget_type=\"text-editor.default\">\n\t\t\t\t<div class=\"elementor-widget-container\">\n\t\t\t<style>\/*! elementor - v3.16.0 - 20-09-2023 *\/\n.elementor-widget-text-editor.elementor-drop-cap-view-stacked .elementor-drop-cap{background-color:#69727d;color:#fff}.elementor-widget-text-editor.elementor-drop-cap-view-framed .elementor-drop-cap{color:#69727d;border:3px solid;background-color:transparent}.elementor-widget-text-editor:not(.elementor-drop-cap-view-default) .elementor-drop-cap{margin-top:8px}.elementor-widget-text-editor:not(.elementor-drop-cap-view-default) .elementor-drop-cap-letter{width:1em;height:1em}.elementor-widget-text-editor .elementor-drop-cap{float:left;text-align:center;line-height:1;font-size:50px}.elementor-widget-text-editor .elementor-drop-cap-letter{display:inline-block}<\/style>\t\t\t\t<p><img loading=\"lazy\" decoding=\"async\" class=\"alignnone size-medium wp-image-262\" src=\"https:\/\/frizzopagnossin.adv.br\/wp-content\/uploads\/2023\/10\/WhatsApp-Image-2023-10-06-at-14.26.03-225x300.jpeg\" alt=\"\" width=\"225\" height=\"300\" srcset=\"https:\/\/frizzopagnossin.adv.br\/wp-content\/uploads\/2023\/10\/WhatsApp-Image-2023-10-06-at-14.26.03-225x300.jpeg 225w, https:\/\/frizzopagnossin.adv.br\/wp-content\/uploads\/2023\/10\/WhatsApp-Image-2023-10-06-at-14.26.03-768x1024.jpeg 768w, https:\/\/frizzopagnossin.adv.br\/wp-content\/uploads\/2023\/10\/WhatsApp-Image-2023-10-06-at-14.26.03-1152x1536.jpeg 1152w, https:\/\/frizzopagnossin.adv.br\/wp-content\/uploads\/2023\/10\/WhatsApp-Image-2023-10-06-at-14.26.03.jpeg 1200w\" sizes=\"(max-width: 225px) 100vw, 225px\" \/><\/p><p><strong>Expertise em Quest\u00f5es Administrativas<\/strong><br \/>Nossa equipe de advogados possui ampla experi\u00eancia e conhecimento em Direito Administrativo, compreendendo a complexidade das rela\u00e7\u00f5es entre o cidad\u00e3o e o Estado.<\/p><p><strong>Atendimento Personalizado<\/strong><br \/>Entendemos que cada cliente e caso s\u00e3o \u00fanicos. Oferecemos um atendimento personalizado, adaptado \u00e0s suas necessidades espec\u00edficas, fornecendo solu\u00e7\u00f5es jur\u00eddicas que atendem aos seus objetivos.<\/p><p><strong>Resultados Comprovados<\/strong><br \/>Temos um hist\u00f3rico de sucesso na resolu\u00e7\u00e3o de lit\u00edgios administrativos, na negocia\u00e7\u00e3o de contratos p\u00fablicos e na prote\u00e7\u00e3o dos direitos e interesses de nossos clientes em quest\u00f5es com a Administra\u00e7\u00e3o P\u00fablica.<\/p><p><strong>Nossos servi\u00e7os:<\/strong><\/p><p><strong>An\u00e1lise de Atos Administrativos<\/strong><br \/>Auxiliamos nossos clientes na an\u00e1lise e contesta\u00e7\u00e3o de atos administrativos, garantindo que sejam legais, justos e estejam de acordo com os princ\u00edpios da administra\u00e7\u00e3o p\u00fablica.<\/p><p><strong>Licita\u00e7\u00f5es e Contratos P\u00fablicos<\/strong><br \/>Prestamos suporte na participa\u00e7\u00e3o em licita\u00e7\u00f5es p\u00fablicas, elabora\u00e7\u00e3o de propostas, revis\u00e3o de contratos p\u00fablicos e resolu\u00e7\u00e3o de disputas relacionadas a contratos com entidades governamentais.<\/p><p><strong>Assessoria a Servidores P\u00fablicos<\/strong><br \/>Orientamos servidores p\u00fablicos em quest\u00f5es trabalhistas, disciplinares e estatut\u00e1rias, assegurando que seus direitos sejam protegidos no ambiente de trabalho p\u00fablico.<\/p><p><strong>Responsabilidade do Estado<\/strong><br \/>Representamos clientes que buscam indeniza\u00e7\u00e3o por danos causados por a\u00e7\u00f5es ou omiss\u00f5es do Estado, garantindo que sejam devidamente compensados por eventuais preju\u00edzos.<\/p><p><strong>Consultoria em Regulamenta\u00e7\u00f5es<\/strong><br \/>Oferecemos orienta\u00e7\u00e3o sobre a interpreta\u00e7\u00e3o e aplica\u00e7\u00e3o de regulamenta\u00e7\u00f5es governamentais, auxiliando empresas e indiv\u00edduos a cumprir as normas legais aplic\u00e1veis.<\/p>\t\t\t\t\t\t<\/div>\n\t\t\t\t<\/div>\n\t\t\t\t<section class=\"elementor-section elementor-inner-section elementor-element elementor-element-61d16de elementor-section-content-middle elementor-section-boxed elementor-section-height-default elementor-section-height-default\" data-id=\"61d16de\" data-element_type=\"section\">\n\t\t\t\t\t\t<div class=\"elementor-container elementor-column-gap-no\">\n\t\t\t\t\t<div class=\"elementor-column elementor-col-100 elementor-inner-column elementor-element elementor-element-c41c196\" data-id=\"c41c196\" data-element_type=\"column\">\n\t\t\t<div class=\"elementor-widget-wrap\">\n\t\t\t\t\t\t\t\t\t<\/div>\n\t\t<\/div>\n\t\t\t\t\t\t\t<\/div>\n\t\t<\/section>\n\t\t\t\t\t<\/div>\n\t\t<\/div>\n\t\t\t\t\t\t\t<\/div>\n\t\t<\/section>\n\t\t\t\t<section class=\"elementor-section elementor-top-section elementor-element elementor-element-4221596 elementor-section-full_width elementor-section-height-default elementor-section-height-default\" data-id=\"4221596\" data-element_type=\"section\" data-settings=\"{&quot;background_background&quot;:&quot;classic&quot;}\">\n\t\t\t\t\t\t<div class=\"elementor-container elementor-column-gap-no\">\n\t\t\t\t\t<div class=\"elementor-column elementor-col-50 elementor-top-column elementor-element elementor-element-0db627a\" data-id=\"0db627a\" data-element_type=\"column\" data-settings=\"{&quot;background_background&quot;:&quot;classic&quot;}\">\n\t\t\t<div class=\"elementor-widget-wrap elementor-element-populated\">\n\t\t\t\t\t<div class=\"elementor-background-overlay\"><\/div>\n\t\t\t\t\t\t\t\t<div class=\"elementor-element elementor-element-a07091d animated-slow elementor-invisible elementor-widget elementor-widget-heading\" data-id=\"a07091d\" data-element_type=\"widget\" data-settings=\"{&quot;_animation&quot;:&quot;fadeInLeft&quot;}\" data-widget_type=\"heading.default\">\n\t\t\t\t<div class=\"elementor-widget-container\">\n\t\t\t<h5 class=\"elementor-heading-title elementor-size-default\">frizzo pagnossin<\/h5>\t\t<\/div>\n\t\t\t\t<\/div>\n\t\t\t\t<div class=\"elementor-element elementor-element-d6c3bcf elementor-widget elementor-widget-heading\" data-id=\"d6c3bcf\" data-element_type=\"widget\" data-widget_type=\"heading.default\">\n\t\t\t\t<div class=\"elementor-widget-container\">\n\t\t\t<h2 class=\"elementor-heading-title elementor-size-default\">entre em contato<\/h2>\t\t<\/div>\n\t\t\t\t<\/div>\n\t\t\t\t<div class=\"elementor-element elementor-element-6b04e43 elementor-widget elementor-widget-text-editor\" data-id=\"6b04e43\" data-element_type=\"widget\" data-widget_type=\"text-editor.default\">\n\t\t\t\t<div class=\"elementor-widget-container\">\n\t\t\t\t\t\t\t<p>Se voc\u00ea est\u00e1 enfrentando desafios relacionados ao Direito Administrativo, n\u00e3o hesite em entrar em contato conosco. Estamos aqui para proteger seus direitos e interesses em suas rela\u00e7\u00f5es com a Administra\u00e7\u00e3o P\u00fablica. Agende uma consulta e deixe nossa equipe de advogados especializados em Direito Administrativo cuidar de voc\u00ea, oferecendo orienta\u00e7\u00e3o e representa\u00e7\u00e3o eficaz em quest\u00f5es administrativas. Deixe-nos ser seus parceiros legais nessa jornada.<\/p>\t\t\t\t\t\t<\/div>\n\t\t\t\t<\/div>\n\t\t\t\t<div class=\"elementor-element elementor-element-788d398 elementor-align-left animated-slow elementor-widget__width-initial elementor-widget-tablet__width-inherit elementor-invisible elementor-widget elementor-widget-button\" data-id=\"788d398\" data-element_type=\"widget\" data-settings=\"{&quot;_animation&quot;:&quot;fadeInRight&quot;}\" data-widget_type=\"button.default\">\n\t\t\t\t<div class=\"elementor-widget-container\">\n\t\t\t\t\t<div class=\"elementor-button-wrapper\">\n\t\t\t<a class=\"elementor-button elementor-button-link elementor-size-sm elementor-animation-float\" href=\"https:\/\/api.whatsapp.com\/send?phone=5551981810160\">\n\t\t\t\t\t\t<span class=\"elementor-button-content-wrapper\">\n\t\t\t\t\t\t<span class=\"elementor-button-icon elementor-align-icon-right\">\n\t\t\t\t<i aria-hidden=\"true\" class=\"fab fa-whatsapp\"><\/i>\t\t\t<\/span>\n\t\t\t\t\t\t<span class=\"elementor-button-text\">Entrar em contato<\/span>\n\t\t<\/span>\n\t\t\t\t\t<\/a>\n\t\t<\/div>\n\t\t\t\t<\/div>\n\t\t\t\t<\/div>\n\t\t\t\t\t<\/div>\n\t\t<\/div>\n\t\t\t\t<div class=\"elementor-column elementor-col-50 elementor-top-column elementor-element elementor-element-38f4e45\" data-id=\"38f4e45\" data-element_type=\"column\" data-settings=\"{&quot;background_background&quot;:&quot;classic&quot;}\">\n\t\t\t<div class=\"elementor-widget-wrap elementor-element-populated\">\n\t\t\t\t\t\t\t\t<div class=\"elementor-element elementor-element-e647554 elementor-widget elementor-widget-spacer\" data-id=\"e647554\" data-element_type=\"widget\" data-widget_type=\"spacer.default\">\n\t\t\t\t<div class=\"elementor-widget-container\">\n\t\t\t<style>\/*! elementor - v3.16.0 - 20-09-2023 *\/\n.elementor-column .elementor-spacer-inner{height:var(--spacer-size)}.e-con{--container-widget-width:100%}.e-con-inner>.elementor-widget-spacer,.e-con>.elementor-widget-spacer{width:var(--container-widget-width,var(--spacer-size));--align-self:var(--container-widget-align-self,initial);--flex-shrink:0}.e-con-inner>.elementor-widget-spacer>.elementor-widget-container,.e-con>.elementor-widget-spacer>.elementor-widget-container{height:100%;width:100%}.e-con-inner>.elementor-widget-spacer>.elementor-widget-container>.elementor-spacer,.e-con>.elementor-widget-spacer>.elementor-widget-container>.elementor-spacer{height:100%}.e-con-inner>.elementor-widget-spacer>.elementor-widget-container>.elementor-spacer>.elementor-spacer-inner,.e-con>.elementor-widget-spacer>.elementor-widget-container>.elementor-spacer>.elementor-spacer-inner{height:var(--container-widget-height,var(--spacer-size))}.e-con-inner>.elementor-widget-spacer.elementor-widget-empty,.e-con>.elementor-widget-spacer.elementor-widget-empty{position:relative;min-height:22px;min-width:22px}.e-con-inner>.elementor-widget-spacer.elementor-widget-empty .elementor-widget-empty-icon,.e-con>.elementor-widget-spacer.elementor-widget-empty .elementor-widget-empty-icon{position:absolute;top:0;bottom:0;left:0;right:0;margin:auto;padding:0;width:22px;height:22px}<\/style>\t\t<div class=\"elementor-spacer\">\n\t\t\t<div class=\"elementor-spacer-inner\"><\/div>\n\t\t<\/div>\n\t\t\t\t<\/div>\n\t\t\t\t<\/div>\n\t\t\t\t\t<\/div>\n\t\t<\/div>\n\t\t\t\t\t\t\t<\/div>\n\t\t<\/section>\n\t\t\t\t<section class=\"elementor-section elementor-top-section elementor-element elementor-element-b77e6f4 elementor-section-boxed elementor-section-height-default elementor-section-height-default\" data-id=\"b77e6f4\" data-element_type=\"section\" data-settings=\"{&quot;background_background&quot;:&quot;classic&quot;}\">\n\t\t\t\t\t\t<div class=\"elementor-container elementor-column-gap-default\">\n\t\t\t\t\t<div class=\"elementor-column elementor-col-100 elementor-top-column elementor-element elementor-element-3fc07a7\" data-id=\"3fc07a7\" data-element_type=\"column\">\n\t\t\t<div class=\"elementor-widget-wrap elementor-element-populated\">\n\t\t\t\t\t\t\t\t<div class=\"elementor-element elementor-element-ed7a06c elementor-widget elementor-widget-jkit_heading\" data-id=\"ed7a06c\" data-element_type=\"widget\" data-widget_type=\"jkit_heading.default\">\n\t\t\t\t<div class=\"elementor-widget-container\">\n\t\t\t<div  class=\"jeg-elementor-kit jkit-heading  align-center align-tablet- align-mobile- jeg_module___69f554daa0589\" ><div class=\"heading-section-title  display-inline-block\"><h5 class=\"heading-title\"><span class=\"style-color\"><span>Nosso Blog<\/span><\/span><\/h5><\/div><\/div>\t\t<\/div>\n\t\t\t\t<\/div>\n\t\t\t\t<div class=\"elementor-element elementor-element-b16bc4c elementor-widget elementor-widget-jkit_post_block\" data-id=\"b16bc4c\" data-element_type=\"widget\" data-widget_type=\"jkit_post_block.default\">\n\t\t\t\t<div class=\"elementor-widget-container\">\n\t\t\t<div  class=\"jeg-elementor-kit jkit-postblock postblock-type-3 jkit-pagination-disable post-element jeg_module__1_69f554daaa788\"  data-id=\"jeg_module__1_69f554daaa788\" data-settings=\"{&quot;post_type&quot;:&quot;post&quot;,&quot;number_post&quot;:{&quot;unit&quot;:&quot;px&quot;,&quot;size&quot;:3,&quot;sizes&quot;:[]},&quot;post_offset&quot;:0,&quot;unique_content&quot;:&quot;disable&quot;,&quot;include_post&quot;:&quot;&quot;,&quot;exclude_post&quot;:&quot;&quot;,&quot;include_category&quot;:&quot;&quot;,&quot;exclude_category&quot;:&quot;&quot;,&quot;include_author&quot;:&quot;&quot;,&quot;include_tag&quot;:&quot;&quot;,&quot;exclude_tag&quot;:&quot;&quot;,&quot;sort_by&quot;:&quot;latest&quot;,&quot;pagination_mode&quot;:&quot;disable&quot;,&quot;pagination_loadmore_text&quot;:&quot;Load More&quot;,&quot;pagination_loading_text&quot;:&quot;Loading...&quot;,&quot;pagination_number_post&quot;:{&quot;unit&quot;:&quot;px&quot;,&quot;size&quot;:3,&quot;sizes&quot;:[]},&quot;pagination_scroll_limit&quot;:0,&quot;pagination_icon&quot;:{&quot;value&quot;:&quot;&quot;,&quot;library&quot;:&quot;&quot;},&quot;pagination_icon_position&quot;:&quot;before&quot;,&quot;st_category_position&quot;:&quot;left&quot;,&quot;sg_content_postblock_type&quot;:&quot;type-3&quot;,&quot;sg_content_element_order&quot;:&quot;title,meta,excerpt,read&quot;,&quot;sg_content_breakpoint&quot;:&quot;tablet&quot;,&quot;sg_content_title_html_tag&quot;:&quot;h4&quot;,&quot;sg_content_category_enable&quot;:&quot;yes&quot;,&quot;sg_content_excerpt_enable&quot;:&quot;yes&quot;,&quot;sg_content_excerpt_length&quot;:{&quot;unit&quot;:&quot;px&quot;,&quot;size&quot;:19,&quot;sizes&quot;:[]},&quot;sg_content_excerpt_more&quot;:&quot;...&quot;,&quot;sg_content_readmore_enable&quot;:&quot;yes&quot;,&quot;sg_content_readmore_icon&quot;:{&quot;value&quot;:&quot;fas fa-arrow-right&quot;,&quot;library&quot;:&quot;fa-solid&quot;},&quot;sg_content_readmore_icon_position&quot;:&quot;after&quot;,&quot;sg_content_readmore_text&quot;:&quot;Read More&quot;,&quot;sg_content_comment_enable&quot;:&quot;&quot;,&quot;sg_content_comment_icon&quot;:{&quot;value&quot;:&quot;fas fa-comment&quot;,&quot;library&quot;:&quot;fa-solid&quot;},&quot;sg_content_comment_icon_position&quot;:&quot;before&quot;,&quot;sg_content_meta_enable&quot;:&quot;&quot;,&quot;sg_content_meta_author_enable&quot;:&quot;&quot;,&quot;sg_content_meta_author_by_text&quot;:&quot;by&quot;,&quot;sg_content_meta_author_icon&quot;:{&quot;value&quot;:&quot;fas fa-user&quot;,&quot;library&quot;:&quot;fa-solid&quot;},&quot;sg_content_meta_author_icon_position&quot;:&quot;before&quot;,&quot;sg_content_meta_date_enable&quot;:&quot;&quot;,&quot;sg_content_meta_date_type&quot;:&quot;published&quot;,&quot;sg_content_meta_date_format&quot;:&quot;default&quot;,&quot;sg_content_meta_date_format_custom&quot;:&quot;F j, Y&quot;,&quot;sg_content_meta_date_icon&quot;:{&quot;value&quot;:&quot;fas fa-clock&quot;,&quot;library&quot;:&quot;fa-solid&quot;},&quot;sg_content_meta_date_icon_position&quot;:&quot;before&quot;,&quot;sg_content_image_size_imagesize_size&quot;:&quot;full&quot;,&quot;paged&quot;:1,&quot;class&quot;:&quot;jkit_post_block&quot;}\"><div class=\"jkit-block-container\"><div class=\"jkit-posts jkit-ajax-flag\">\n            <article class=\"jkit-post post-623 post type-post status-publish format-standard hentry category-sem-categoria\">\n                    <div class=\"jkit-thumb\"><a href=\"https:\/\/frizzopagnossin.adv.br\/index.php\/2024\/06\/18\/diferenca-do-alcance-da-pena-de-suspensao-do-direito-de-licitar-entre-a-lei-14-133-21-e-a-lei-8-666-93\/\"><div class=\"thumbnail-container no_thumbnail\">\n            \n        <\/div><\/a><div class=\"jkit-post-category position-left\"><span><a href=\"https:\/\/frizzopagnossin.adv.br\/index.php\/category\/sem-categoria\/\" class=\"category-sem-categoria\">Sem categoria<\/a><\/span><\/div><\/div>\n                    <div class=\"jkit-postblock-content\"><h4 class=\"jkit-post-title\">\n\t\t\t\t\t\t\t<a href=\"https:\/\/frizzopagnossin.adv.br\/index.php\/2024\/06\/18\/diferenca-do-alcance-da-pena-de-suspensao-do-direito-de-licitar-entre-a-lei-14-133-21-e-a-lei-8-666-93\/\">Diferen\u00e7a do Alcance da Pena de Suspens\u00e3o do Direito de Licitar entre a Lei 14.133\/21 e a Lei 8.666\/93<\/a>\n\t\t\t\t\t\t<\/h4><div class=\"jkit-post-excerpt\"><p>A legisla\u00e7\u00e3o brasileira que regula as licita\u00e7\u00f5es e contratos administrativos passou por uma significativa reformula\u00e7\u00e3o com a promulga\u00e7\u00e3o da...<\/p><\/div><div class=\"jkit-post-meta-bottom\">\n\t\t\t\t\t\t\t<div class=\"jkit-meta-readmore icon-position-after\">\n                <a href=\"https:\/\/frizzopagnossin.adv.br\/index.php\/2024\/06\/18\/diferenca-do-alcance-da-pena-de-suspensao-do-direito-de-licitar-entre-a-lei-14-133-21-e-a-lei-8-666-93\/\" class=\"jkit-readmore\">Read More<i aria-hidden=\"true\" class=\"fas fa-arrow-right\"><\/i><\/a>\n            <\/div>\n\t\t\t\t\t\t<\/div><\/div>\n                <\/article><article class=\"jkit-post post-525 post type-post status-publish format-standard has-post-thumbnail hentry category-sem-categoria\">\n                    <div class=\"jkit-thumb\"><a href=\"https:\/\/frizzopagnossin.adv.br\/index.php\/2023\/10\/16\/desvendando-o-direito-civil-conceitos-fundamentais-e-aplicacoes-praticas\/\"><div class=\"thumbnail-container \">\n            <img loading=\"lazy\" decoding=\"async\" width=\"1024\" height=\"668\" src=\"https:\/\/frizzopagnossin.adv.br\/wp-content\/uploads\/2023\/10\/direito-civil1491921119.jpg\" class=\"attachment-full size-full wp-post-image\" alt=\"\" srcset=\"https:\/\/frizzopagnossin.adv.br\/wp-content\/uploads\/2023\/10\/direito-civil1491921119.jpg 1024w, https:\/\/frizzopagnossin.adv.br\/wp-content\/uploads\/2023\/10\/direito-civil1491921119-300x196.jpg 300w, https:\/\/frizzopagnossin.adv.br\/wp-content\/uploads\/2023\/10\/direito-civil1491921119-768x501.jpg 768w\" sizes=\"(max-width: 1024px) 100vw, 1024px\" \/>\n        <\/div><\/a><div class=\"jkit-post-category position-left\"><span><a href=\"https:\/\/frizzopagnossin.adv.br\/index.php\/category\/sem-categoria\/\" class=\"category-sem-categoria\">Sem categoria<\/a><\/span><\/div><\/div>\n                    <div class=\"jkit-postblock-content\"><h4 class=\"jkit-post-title\">\n\t\t\t\t\t\t\t<a href=\"https:\/\/frizzopagnossin.adv.br\/index.php\/2023\/10\/16\/desvendando-o-direito-civil-conceitos-fundamentais-e-aplicacoes-praticas\/\">Desvendando o Direito Civil: Conceitos Fundamentais e Aplica\u00e7\u00f5es Pr\u00e1ticas<\/a>\n\t\t\t\t\t\t<\/h4><div class=\"jkit-post-excerpt\"><p>Desvendando o Direito Civil: Conceitos Fundamentais e Aplica\u00e7\u00f5es Pr\u00e1ticas O Direito Civil \u00e9 uma das \u00e1reas mais amplas e...<\/p><\/div><div class=\"jkit-post-meta-bottom\">\n\t\t\t\t\t\t\t<div class=\"jkit-meta-readmore icon-position-after\">\n                <a href=\"https:\/\/frizzopagnossin.adv.br\/index.php\/2023\/10\/16\/desvendando-o-direito-civil-conceitos-fundamentais-e-aplicacoes-praticas\/\" class=\"jkit-readmore\">Read More<i aria-hidden=\"true\" class=\"fas fa-arrow-right\"><\/i><\/a>\n            <\/div>\n\t\t\t\t\t\t<\/div><\/div>\n                <\/article><article class=\"jkit-post post-505 post type-post status-publish format-standard has-post-thumbnail hentry category-sem-categoria\">\n                    <div class=\"jkit-thumb\"><a href=\"https:\/\/frizzopagnossin.adv.br\/index.php\/2023\/10\/16\/desvendando-o-direito-administrativo-conceitos-e-aplicacoes\/\"><div class=\"thumbnail-container \">\n            <img loading=\"lazy\" decoding=\"async\" width=\"500\" height=\"246\" src=\"https:\/\/frizzopagnossin.adv.br\/wp-content\/uploads\/2023\/10\/IiqdVhBlCS9pMuoDhaOPU6bdTQ1ISaWmrhL2jjsJ.jpeg\" class=\"attachment-full size-full wp-post-image\" alt=\"\" srcset=\"https:\/\/frizzopagnossin.adv.br\/wp-content\/uploads\/2023\/10\/IiqdVhBlCS9pMuoDhaOPU6bdTQ1ISaWmrhL2jjsJ.jpeg 500w, https:\/\/frizzopagnossin.adv.br\/wp-content\/uploads\/2023\/10\/IiqdVhBlCS9pMuoDhaOPU6bdTQ1ISaWmrhL2jjsJ-300x148.jpeg 300w\" sizes=\"(max-width: 500px) 100vw, 500px\" \/>\n        <\/div><\/a><div class=\"jkit-post-category position-left\"><span><a href=\"https:\/\/frizzopagnossin.adv.br\/index.php\/category\/sem-categoria\/\" class=\"category-sem-categoria\">Sem categoria<\/a><\/span><\/div><\/div>\n                    <div class=\"jkit-postblock-content\"><h4 class=\"jkit-post-title\">\n\t\t\t\t\t\t\t<a href=\"https:\/\/frizzopagnossin.adv.br\/index.php\/2023\/10\/16\/desvendando-o-direito-administrativo-conceitos-e-aplicacoes\/\">Desvendando o Direito Administrativo: Conceitos e Aplica\u00e7\u00f5es<\/a>\n\t\t\t\t\t\t<\/h4><div class=\"jkit-post-excerpt\"><p>Desvendando o Direito Administrativo: Conceitos e Aplica\u00e7\u00f5es O Direito Administrativo \u00e9 uma \u00e1rea fascinante do direito que governa as...<\/p><\/div><div class=\"jkit-post-meta-bottom\">\n\t\t\t\t\t\t\t<div class=\"jkit-meta-readmore icon-position-after\">\n                <a href=\"https:\/\/frizzopagnossin.adv.br\/index.php\/2023\/10\/16\/desvendando-o-direito-administrativo-conceitos-e-aplicacoes\/\" class=\"jkit-readmore\">Read More<i aria-hidden=\"true\" class=\"fas fa-arrow-right\"><\/i><\/a>\n            <\/div>\n\t\t\t\t\t\t<\/div><\/div>\n                <\/article>\n        <\/div><\/div><\/div>\t\t<\/div>\n\t\t\t\t<\/div>\n\t\t\t\t\t<\/div>\n\t\t<\/div>\n\t\t\t\t\t\t\t<\/div>\n\t\t<\/section>\n\t\t\t\t\t\t\t<\/div>\n\t\t","protected":false},"excerpt":{"rendered":"<p>Direito administrativo In\u00edcio Direito administrativo Por Que Escolher Nossos Servi\u00e7os de Direito Administrativo? Expertise em Quest\u00f5es AdministrativasNossa equipe de advogados possui ampla experi\u00eancia e conhecimento em Direito Administrativo, compreendendo a complexidade das rela\u00e7\u00f5es entre o cidad\u00e3o e o Estado. Atendimento PersonalizadoEntendemos que cada cliente e caso s\u00e3o \u00fanicos. Oferecemos um atendimento personalizado, adaptado \u00e0s suas [&hellip;]<\/p>\n","protected":false},"author":1,"featured_media":0,"parent":0,"menu_order":0,"comment_status":"open","ping_status":"closed","template":"elementor_canvas","meta":{"footnotes":""},"_links":{"self":[{"href":"https:\/\/frizzopagnossin.adv.br\/index.php\/wp-json\/wp\/v2\/pages\/489"}],"collection":[{"href":"https:\/\/frizzopagnossin.adv.br\/index.php\/wp-json\/wp\/v2\/pages"}],"about":[{"href":"https:\/\/frizzopagnossin.adv.br\/index.php\/wp-json\/wp\/v2\/types\/page"}],"author":[{"embeddable":true,"href":"https:\/\/frizzopagnossin.adv.br\/index.php\/wp-json\/wp\/v2\/users\/1"}],"replies":[{"embeddable":true,"href":"https:\/\/frizzopagnossin.adv.br\/index.php\/wp-json\/wp\/v2\/comments?post=489"}],"version-history":[{"count":10,"href":"https:\/\/frizzopagnossin.adv.br\/index.php\/wp-json\/wp\/v2\/pages\/489\/revisions"}],"predecessor-version":[{"id":500,"href":"https:\/\/frizzopagnossin.adv.br\/index.php\/wp-json\/wp\/v2\/pages\/489\/revisions\/500"}],"wp:attachment":[{"href":"https:\/\/frizzopagnossin.adv.br\/index.php\/wp-json\/wp\/v2\/media?parent=489"}],"curies":[{"name":"wp","href":"https:\/\/api.w.org\/{rel}","templated":true}]}}